.
2, 97
Let m be (-1*(-24)/16)/((-1)/(-2)). Suppose m*q - 493 = -5*r, 3*r - 107 = 2*q + 204. What are the prime factors of r?
101
Suppose -4*d = -17 + 1. Suppose -4*j + 3*l + 13 = j, -12 = -d*j + 2*l. Suppose -3*f = 3*k - 9, 4*f - 19 = -j*k - 0*f. List the prime factors of k.
7
Let k be 8 + (4 - -68)/(-8). List the prime factors of 6/(k/(-78 - 0)).
2, 3, 13
Let q be -4 + -4 + 3 + 2. Let w be (-38)/(q*4/24). Suppose 5*h + x = w, 12 = -3*x - 0*x. List the prime factors of h.
2
Suppose -2*z = -2*f + 47234, 14*f + 165319 = 21*f - 3*z. What are the prime factors of f?
11, 19, 113
Suppose 8 = i + 4. Suppose -5*s = i*u + 600, -s = -u - 0*u - 141. Let y = u - -270. What are the prime factors of y?
5
Let f(n) = -807*n**2 + 9*n + 13. Let a(m) = -403*m**2 + 5*m + 7. Let x(q) = 5*a(q) - 3*f(q). What are the prime factors of x(-1)?
2, 101
Let d = -812 + 2175. Suppose 6*s = d + 3065. List the prime factors of s.
2, 3, 41
Let b = -28 - -36. Let f = b + 113. List the prime factors of f.
11
What are the prime factors of 4400/3 + (-2675)/1605?
5, 293
Let d(n) = n - 13. Let l(r) be the second derivative of 13*r**2/2 - 21*r. Let u(s) = 3*d(s) + 2*l(s). What are the prime factors of u(5)?
2
Suppose -2059944 = -411*z + 72*z + 6234369. List the prime factors of z.
43, 569
What are the prime factors of ((-1907)/(-3))/1*(388 - 334)?
2, 3, 1907
Let o(u) = u**2 - 1. Let k be o(3). Suppose -k*d = -209 - 1335. What are the prime factors of d?
193
Let c be 54/16 - 12/32. What are the prime factors of c/(36/(-3)) + (-6248)/(-32)?
3, 5, 13
Suppose 5*l + 4*i = 221, -6*i = 2*l - 3*i - 87. Let v = -27 - l. Let p = 225 + v. List the prime factors of p.
3, 17
Let g(m) be the first derivative of m**4/4 - m**3 - 3*m**2/2 - 15*m + 9. Let d be g(7). Let t = 372 - d. List the prime factors of t.
2, 53
What are the prime factors of (-17)/(-68)*48 - -2834?
2, 1423
Suppose 0 = -h + 5*a + 24, 7*h - 12 = 4*h + 3*a. What are the prime factors of -2 - (-36*1 + h)?
5, 7
Let r be (364/39)/((-2)/(-3)). What are the prime factors of 8086/r + 111/259?
2, 17
Suppose 0 = 4*w - 20, -12*w - 21095 = -4*g - 7*w. List the prime factors of g.
2, 3, 5, 11
Let x(n) = 55*n**2 + 69*n - 131. What are the prime factors of x(7)?
11, 277
Let a be -2*(0 - -1) - -33. Let t(s) = 3*s**3 + 12*s**2 + 8*s + 16. Let j be t(-4). List the prime factors of j + 15 - a*-2.
61
Suppose 5*s - 17 = 3. Suppose 0*w + 52 = -2*i + 2*w, -s*i - w = 94. What are the prime factors of 237 - i/(-2)*(-1)/3?
241
Suppose -5*f + 20 = -w, -4*w - w - 4 = -f. Suppose -2*l + 6*l = 2*x + 124, -4*x - 16 = w. What are the prime factors of l?
29
Let p = 310 - 301. What are the prime factors of (-6 - (-666)/(-12))/(p/(-96))?
2, 41
Suppose -k = 3*h - 9, -6 - 39 = -5*k - 2*h. Let n be (-329)/(-63) + (-2)/k. Suppose n*v - 166 = 84. What are the prime factors of v?
2, 5
Let s(j) = 2*j + 26. Let g be s(-10). Suppose -k = 4 - g. What are the prime factors of (3/k)/(-3)*-6?
3
Let k(x) = 2*x - 26. Let d be k(-11). Let h = 102 + d. Let v = h - 3. List the prime factors of v.
3, 17
Suppose -5*w - 40 = -10*w + 4*m, 5*w = 3*m + 35. Suppose w + 1 = -5*h. What are the prime factors of ((-24)/28)/(h/35)?
2, 3, 5
Let j be ((-60)/(-16))/((-27)/(-36)). Suppose 1302 = j*o + 62. What are the prime factors of o?
2, 31
Let s = 28842 - 15087. What are the prime factors of s?
3, 5, 7, 131
Suppose -4*r - 2*i + 26 = 0, 0*r - 4*i + 7 = 3*r. Suppose -8*u + r = -5*u. Suppose -h - u*h = -468. List the prime factors of h.
3, 13
Let u = 75 - 73. Let q(s) = s**u - 17 + 31 - 2*s - 37. List the prime factors of q(-14).
3, 67
Suppose -8*x - 6 = 18. Let h be 10/(x*(2/(-3) - 0)). Suppose -h*v - 140 = -f, -738 = -5*f - 5*v - 188. List the prime factors of f.
5, 23
Let x(w) = -8*w**2 + 12*w**2 + 2 - 3*w - 7*w**2 - 2*w**3 + 6*w. Suppose -15 = 137*t - 132*t. List the prime factors of x(t).
2, 5
Suppose k + 4*l + 6 = 0, -2*l + 5*l - 76 = 5*k. List the prime factors of 632/k*(-42)/12.
2, 79
Suppose 3*s = 245 - 224. Let c(k) = 7*k**2 + 12*k - 98. List the prime factors of c(s).
7, 47
Suppose -s = -2*k + 2360, -1258*s = 2*k - 1263*s - 2384. List the prime factors of k.
11, 107
What are the prime factors of (171344/(-6))/((-544)/408)?
2, 10709
Let w be -435 + (3 - (11 + -4)). Let n = 742 + w. Suppose 0 = -p - 4*p + j + 483, 3*p = 5*j + n. List the prime factors of p.
2, 3
Suppose w - 4370 = -5*p + 1808, 3*w - 18695 = 8*p. What are the prime factors of w?
3, 19, 109
Suppose -5*u = 2*u + 2142. Let w = -29 - u. What are the prime factors of w?
277
Let v(j) be the first derivative of j**3/3 + 14*j**2 + 12*j + 41. List the prime factors of v(6).
2, 3
Suppose 2*u - u = -6. Let r(m) = -m**3 - 4*m**2 + 13*m + 2. Let i be r(u). Let p = 121 + i. List the prime factors of p.
3, 13
Suppose 95632 + 43481 = 27*i - 180540. List the prime factors of i.
11839
Let f(a) = a**2 - 6*a - 69. Let t be f(-6). Suppose -t*g - 29 = -62. What are the prime factors of g?
11
Let c(l) = -6*l**2 + 4*l + 122. Let t be c(25). Let k = -2284 - t. What are the prime factors of k?
2, 311
Suppose -190 = -13*i + 200. Suppose 0 = -25*n + i*n - 10. Suppose w - 21 = -n*h, -2*h + 25 = h - 5*w. What are the prime factors of h?
2, 5
Let r be 3262/10 + (-6)/30. Let j = -163 + r. What are the prime factors of j?
163
Let n(x) = -88 + 1183*x**2 + 100 - 2*x - 8. List the prime factors of n(1).
3, 5, 79
List the prime factors of 24/27*23323 - ((-32)/(-9) + -4).
2, 71, 73
Suppose 13*k + 15 = 12*k. Let j(z) be the second derivative of -2*z**3 + 17*z**2/2 + 84*z + 2. What are the prime factors of j(k)?
197
Suppose 2*u = 3*g + 28678, -2*g = 18*u - 21*u + 43022. What are the prime factors of u?
2, 71, 101
Let l(a) = 2*a + 32. Let g be (-7380)/(-66) - (-2)/11. Suppose -2*o - 6*o - g = 0. What are the prime factors of l(o)?
2
Suppose -10*s - 73 = 17. What are the prime factors of (3/s)/((-4)/(-12)) - -1552?
3, 11, 47
Suppose -4*k + 66904 = -4*g, 381*k - g = 378*k + 50168. List the prime factors of k.
23, 727
Let w(y) = -y**3 + 5*y**2 - 12*y - 25. Let n be w(-10). Suppose -n + 8120 = 15*j. What are the prime factors of j?
3, 5, 29
Let n = 46194 + -32373. List the prime factors of n.
3, 17, 271
Suppose w + 2 = 0, 76840 = -5669*g + 5673*g - 2*w. List the prime factors of g.
3, 19, 337
Suppose 3*f = 5*f - 4. Let q(p) = 81*p - 358. Let i be q(8). What are the prime factors of (4/20)/(f/i)?
29
List the prime factors of (-7)/2*-508 - (10 + -30 - -13).
3, 5, 7, 17
Let f be -2 - (-2 + -2)*8. Suppose f*i - 10*i = 3360. What are the prime factors of i?
2, 3, 7
Let q(g) = -6*g + 41. Let d be q(6). Suppose 2*w + 2*w - 1608 = 0. Suppose d*j - 8*j + w = 0. What are the prime factors of j?
2, 67
Let q be -2 - ((-2 + 11)*-1 - -2). Suppose b + 4*f - 216 = 0, q*b - f = -4*f + 1063. Let w = b + -116. List the prime factors of w.
2, 3
Let g = -54 + 191. Suppose 4*r = g + 59. What are the prime factors of r?
7
Suppose 117*b = 118*b - 1050. Let i = 1487 - b. What are the prime factors of i?
19, 23
Suppose 225028 + 230706 = 67*f. What are the prime factors of f?
2, 19, 179
Let b = -10 - -13. Suppose 2*z + z = -3*p + 105, b*p - 2*z = 80. List the prime factors of p.
2, 3, 5
Let n = -2488 + 4595. Suppose 18*d = 1367 + n. List the prime factors of d.
193
Let p(m) = -184*m - 89. What are the prime factors of p(-25)?
13, 347
Suppose 15*l + 31229 = 5444. What are the prime factors of 2/5 - (-4 - l/(-15))?
7, 17
List the prime factors of 67/(-268) + 145658/8.
3, 7, 17
Let b(h) = 32*h - 2. Let x be b(6). Let u = -19 + x. What are the prime factors of u?
3, 19
Let x = 28912 + -8421. List the prime factors of x.
31, 661
Suppose -8560 = -2*s - 5*o, 0 = 5*o + 12 + 8. What are the prime factors of s?
2, 3, 5, 11, 13
Let m = -64562 + 94103. What are the prime factors of m?
3, 43, 229
Let t be -2 + (-1 - (1 - -3)). List the prime factors of (-1)/t - 20826/(-42).
2, 31
Suppose 0 = 4*x - 5*k - 7229 - 13672, 3*x = -2*k + 15716. What are the prime factors of x?
2, 2617
Let t be (-1)/((6/(-3))/(-22)). Let g be (-78)/66 + (-2)/t. What are the prime factors of 117/4 + g/4?
29
Let t(a) = 11*a - 17*a + a**3 + 4 - 4*a**2 + 8 + 0*a**2. List the prime factors of t(10).
2, 3, 23
Suppose -27*g = -51713 - 59338. What are the prime factors of g?
3, 457
Suppose 0 = 3*x + 5*t + 3265, -2*x + 324 - 2504 = 5*